Suppose 117 = 9*y - 252. Let m = y + -17. What is the greatest common factor of 144 and m?
24
Let s = 782 - 419. Let a = 2173 + -2140. What is the greatest common factor of a and s?
33
Let p(z) = -25*z + 1. Let b be p(-5). Suppose 0 = 3*v - 17 + 167. Let r be ((-36)/20)/(5/v). What is the highest common factor of r and b?
18
Suppose 4*a = k + 37, 2*a = -2*a - 5*k + 55. Let v be 25*(220/(-25))/(-2). What is the greatest common factor of v and a?
10
Suppose -3*o = -7*o. Suppose 5*y = -o*y + 200. What is the highest common divisor of 5 and y?
5
Let x(z) = -z**2 + 6*z - 7. Let s be x(4). Suppose -5*t + 26 = s. Suppose 0 = 4*w + w - t. Calculate the greatest common divisor of w and 1.
1
Let y be 9/((-99)/(-2266)) - (5 + 0). Calculate the highest common factor of y and 335.
67
Suppose -281*n + 282*n - 255 = 0. What is the greatest common divisor of 30 and n?
15
Suppose 2*a - 105 + 7 = 0. Suppose -2*g - 5*g = -a. Calculate the greatest common factor of g and 7.
7
Let u be 24/(-15)*(-30)/4. Let o be (-50)/(-6) + (-4)/u. Suppose 5*i + 74 = 274. Calculate the highest common divisor of i and o.
8
Let m(p) = 20*p**3 - p + 1. Suppose 0 = -c + d - 6*d + 9, 102 = 4*c - 2*d. Let u be -2*-3*4/c. Let g be m(u). What is the highest common divisor of 180 and g?
20
Let g be ((-4)/(-10))/((-10)/(-50)). Suppose g*x + 99 = 5*x. What is the greatest common divisor of 132 and x?
33
Let x = 201 - 105. What is the highest common divisor of 84 and x?
12
Let l be (50/(-8))/5 - (-5)/20. Let s(x) = -22*x - 1. Let o be s(l). Let t = -23 - -37. Calculate the highest common divisor of t and o.
7
Suppose 4*n - 1800 = -n. Suppose -4*j + 0*j + n = 0. Suppose 4*d = 10 + 134. What is the highest common divisor of j and d?
18
Let j(t) = 3*t - 3. Let f be j(2). Suppose -f*g - 70 = -g. Let w = -23 - g. What is the highest common factor of w and 4?
4
Suppose 13*d - 17*d = -440. Calculate the highest common divisor of 88 and d.
22
Let g = 572 + -548. Let v = 19 + -13. What is the greatest common factor of v and g?
6
Let r be -3 + (3 - 5/(-1)). Suppose -18 = -r*v + 2*u, 5*u + 0*u = -20. What is the greatest common divisor of v and 4?
2
Suppose -142 = -2*g - 6. Let i be 1 - -3 - (-32)/(-8). Suppose 2*t - 48 + 14 = i. Calculate the highest common factor of g and t.
17
Let m(n) = -6*n + n**3 - 3*n - 15*n**2 + 6*n**2 + 12. Let r be m(10). Let q be (4 + -103)*(-2)/6. What is the highest common factor of q and r?
11
Let f(p) = -p**3 - 16*p**2 - 5*p - 24. Let h be f(-16). Suppose -23*w + 19*w + h = 0. What is the highest common divisor of 14 and w?
14
Suppose -d + 3*r + 527 = 0, -d - 2555 = -6*d - r. What is the highest common divisor of d and 16?
16
Let j = 19 - 7. Suppose -s - 5*m + 227 = 2*s, 440 = 5*s - 4*m. What is the highest common divisor of j and s?
12
Let s be ((-37)/(-2) - -1)*100/30. Let k = s - 43. Calculate the highest common divisor of k and 11.
11
Let z be (-3 - -1)/(2*-1). Let j = -2531 + 2532. Calculate the greatest common factor of z and j.
1
Let p(z) = -8*z + 218. Let a be p(26). Calculate the greatest common factor of a and 3000.
10
Let p be 2/3 + (-115)/(-3). Suppose -39 - 6 = -3*h. Let o = h + p. Calculate the greatest common factor of 36 and o.
18
Let g(u) = -35*u + 42. Let v be g(5). Let x = v - -261. Calculate the greatest common divisor of x and 16.
16
Suppose v = -4*v + 15. Let u be -7 + 7 + 15/v. Calculate the greatest common factor of 20 and u.
5
Let l = 1521 + -1467. What is the greatest common factor of 1107 and l?
27
Suppose 4*g = 2135 - 331. Calculate the greatest common factor of g and 22.
11
Suppose 5*g + 437 = 472. Suppose 0*r - r + 2 = 0. Let y be 1*((-4)/r - -3). What is the greatest common divisor of g and y?
1
Suppose 5*z - 25 = -3*j, 1 = 3*z - 20*j + 19*j. What is the greatest common factor of z and 38?
2
Let w be (6/(-4))/(3/(-28)). Suppose 0 = 2*o - 3 - 7. Let f be 16/20*o/2. Calculate the greatest common divisor of f and w.
2
Suppose -2*r = -7*r + 400. Let o be (-3 + (3 - -24))/(3/12). Suppose 0 = -10*y + 13*y - o. Calculate the greatest common divisor of r and y.
16
Let w(n) = -n + 7*n**2 - n + n**3 + 0*n**3 - 2*n**3 - 6. Let h be w(6). Suppose 7*m - h = 4*m. Calculate the greatest common factor of m and 6.
6
Suppose o - 4*u = -0*u + 180, -4*u - 720 = -4*o. Calculate the highest common factor of o and 390.
30
Suppose k - 3*l - 39 = 0, 3*k - 5*l = 85 + 16. Let m(r) = -r**2 + 3*r + 4. Let o be m(3). Suppose -131 = -5*t + o. What is the highest common factor of k and t?
27
Suppose 116*v - 128*v + 816 = 0. What is the highest common factor of v and 374?
34
Suppose -41*b - 2352 = -48*b. Calculate the highest common divisor of b and 32.
16
Suppose -11*f + 8184 = 13*f. Calculate the greatest common divisor of 62 and f.
31
Suppose 5*w + 5*b = 10, 5*b + 8 = 4*w + 27. Let s be (-81 - w)/(-4)*4. Let a be 136/14 - 6/(-21). Calculate the highest common divisor of a and s.
10
Let t(g) = -10*g + 10. Let d be t(-2). Suppose -10*p + d = -5*p. Calculate the highest common factor of 12 and p.
6
Let x be 7*(1 - 0 - -2). Let g(b) = -b + 7. Let u be g(7). Suppose 2*w - 3*m + u*m = 25, -5*m - 9 = -w. What is the highest common divisor of x and w?
7
Let q(f) = -7*f - 162. Let k be q(-27). What is the greatest common factor of k and 189?
27
Let o be 6*(-3)/(9/(-30)). Let d(x) = 14*x**2 - x - 1. Let t = -1 - -2. Let l be d(t). Calculate the greatest common factor of l and o.
12
Let s be 156/11 + 16/(-88). Suppose 151 = 3*t - s. Let b = -19 - -24. What is the greatest common factor of t and b?
5
Let g(j) = -j**3 + 28*j**2 - 54*j + 57. Let t be g(26). Calculate the highest common factor of 85 and t.
5
Let k be 7 + -4 - (-24 - 1). Calculate the highest common factor of k and 2268.
28
Suppose 3*s - 38 = -2*k, 5*s - 47 = -4*k + 19. Let a(w) = -70*w. Let p be a(-1). Calculate the highest common factor of s and p.
10
Suppose -10 = h - 5*w - 14, 8 = 2*w. What is the highest common factor of h and 300?
12
Suppose 0 = 3*k + 6*k - 18. Suppose 8*g - k*g = 510. What is the highest common divisor of 17 and g?
17
Suppose 4*p - 8*p + 1870 = 2*y, -p + 495 = -5*y. Calculate the highest common divisor of 94 and p.
94
Let x(f) = f**3 - 5*f**2 - 3*f + 1. Let m be x(6). Let j be (237/(-158))/(1/(-114)). Calculate the greatest common factor of m and j.
19
Let p(y) = -y - 5. Let d be p(-6). Suppose n + 5*r - 2 = 0, 11 = -3*n + 4*r + 36. Calculate the highest common divisor of d and n.
1
Suppose y - 30 - 117 = -p, -3*p = -y - 425. Let c(i) = i - 5. Let h be c(8). Suppose h*r = 4*r - 13. Calculate the highest common divisor of r and p.
13
Let p(q) = -4*q - 1. Let h be p(-1). Let t be 7*1 + 14 + -9. Suppose 6 = 4*c + 5*v, v + t = 4*c + h*v. Calculate the highest common factor of c and 1.
1
Suppose d - 5*d - 8 = -2*p, 3*p + d - 12 = 0. Suppose 8*r = 3*r - p*s + 670, 2*s = r - 120. Calculate the greatest common factor of 52 and r.
26
Suppose n = -5*v + v + 156, -669 = -4*n - v. Let l be 28 - -1 - 0/(-1). Let b = l + -8. Calculate the highest common divisor of b and n.
21
Suppose -4*x = -l - 34, -4*l = -l - 2*x + 82. Suppose 0 = -h - 5, 0*h + 88 = 2*f - 2*h. Let o = l + f. What is the greatest common divisor of o and 26?
13
Suppose 3*l - 19 = 23. Let u(v) = v**3 - 11*v**2 - 18*v. Let c be u(l). Calculate the greatest common divisor of 48 and c.
48
Suppose 88 = 91*i - 89*i. Calculate the greatest common factor of i and 572.
44
Suppose 0 = 3*p - 2*p. Suppose p = -7*v + 311 + 921. What is the greatest common divisor of v and 11?
11
Let w be (0 - -12)*5/3. Suppose 2*r - 5 = r. What is the highest common factor of w and r?
5
Let m be (-2)/(5/1810*-4) + -1. What is the greatest common divisor of 48 and m?
12
Let a = -223 + 241. Calculate the greatest common factor of a and 66.
6
Let a(z) = -7*z - 141. Let u be a(-30). Calculate the highest common divisor of u and 184.
23
Suppose 2*c - 3*q = 429, 2*c + c = -2*q + 650. Calculate the greatest common factor of c and 27.
27
Let s(f) = -2*f - 6. Let l be s(5). Let o be 80*6*(-12)/l. Suppose -k = -4*k + o. What is the greatest common divisor of 15 and k?
15
Suppose -5*r - 924 = -8*r. Suppose -c - 3*m + 35 = -17, 5*c + 3*m - r = 0. Calculate the highest common factor of 32 and c.
32
Suppose -6*p - 156 = -3*p. Let s = -89 - p. Let c = -7 - s. Calculate the highest 